[INFO] cloning repository https://github.com/Haggus/mill
[INFO] running `Command { std: "git" "-c" "credential.helper=" "-c" "credential.helper=/workspace/cargo-home/bin/git-credential-null" "clone" "--bare" "https://github.com/Haggus/mill" "/workspace/cache/git-repos/https%3A%2F%2Fgithub.com%2FHaggus%2Fmill", kill_on_drop: false }`
[INFO] [stderr] Cloning into bare repository '/workspace/cache/git-repos/https%3A%2F%2Fgithub.com%2FHaggus%2Fmill'...
[INFO] running `Command { std: "git" "rev-parse" "HEAD", kill_on_drop: false }`
[INFO] [stdout] f5e5dee7534b74f4e73ed992d65eb1a01a9d78e2
[INFO] checking Haggus/mill against master#cfbc6d4cf1acbac5c025acf8ed68929caa551df3 for pr-75494-beta
[INFO] running `Command { std: "git" "clone" "/workspace/cache/git-repos/https%3A%2F%2Fgithub.com%2FHaggus%2Fmill" "/workspace/builds/worker-5/source", kill_on_drop: false }`
[INFO] [stderr] Cloning into '/workspace/builds/worker-5/source'...
[INFO] [stderr] done.
[INFO] validating manifest of git repo https://github.com/Haggus/mill on toolchain cfbc6d4cf1acbac5c025acf8ed68929caa551df3
[INFO] running `Command { std: "/workspace/cargo-home/bin/cargo" "+cfbc6d4cf1acbac5c025acf8ed68929caa551df3" "read-manifest" "--manifest-path" "Cargo.toml", kill_on_drop: false }`
[INFO] started tweaking git repo https://github.com/Haggus/mill
[INFO] finished tweaking git repo https://github.com/Haggus/mill
[INFO] tweaked toml for git repo https://github.com/Haggus/mill written to /workspace/builds/worker-5/source/Cargo.toml
[INFO] crate git repo https://github.com/Haggus/mill already has a lockfile, it will not be regenerated
[INFO] running `Command { std: "/workspace/cargo-home/bin/cargo" "+cfbc6d4cf1acbac5c025acf8ed68929caa551df3" "fetch" "--locked" "--manifest-path" "Cargo.toml", kill_on_drop: false }`
[INFO] [stderr] error: the lock file /workspace/builds/worker-5/source/Cargo.lock needs to be updated but --locked was passed to prevent this
[INFO] [stderr] If you want to try to generate the lock file without accessing the network, use the --offline flag.
[INFO] the lockfile is outdated, regenerating it
[INFO] running `Command { std: "/workspace/cargo-home/bin/cargo" "+cfbc6d4cf1acbac5c025acf8ed68929caa551df3" "generate-lockfile" "--manifest-path" "Cargo.toml" "-Zno-index-update", kill_on_drop: false }`
[INFO] running `Command { std: "/workspace/cargo-home/bin/cargo" "+cfbc6d4cf1acbac5c025acf8ed68929caa551df3" "fetch" "--locked" "--manifest-path" "Cargo.toml", kill_on_drop: false }`
[INFO] [stderr]  Downloading crates ...
[INFO] [stderr]   Downloaded serde-hjson v0.9.1
[INFO] running `Command { std: "docker" "create" "-v" "/var/lib/crater-agent-workspace/builds/worker-5/target:/opt/rustwide/target:rw,Z" "-v" "/var/lib/crater-agent-workspace/builds/worker-5/source:/opt/rustwide/workdir:ro,Z" "-v" "/var/lib/crater-agent-workspace/cargo-home:/opt/rustwide/cargo-home:ro,Z" "-v" "/var/lib/crater-agent-workspace/rustup-home:/opt/rustwide/rustup-home:ro,Z" "-e" "SOURCE_DIR=/opt/rustwide/workdir" "-e" "CARGO_TARGET_DIR=/opt/rustwide/target" "-e" "CARGO_HOME=/opt/rustwide/cargo-home" "-e" "RUSTUP_HOME=/opt/rustwide/rustup-home" "-w" "/opt/rustwide/workdir" "-m" "1610612736" "--user" "0:0" "--network" "none" "rustops/crates-build-env@sha256:a636fd89d022f18117e1dc8fb37a0a009933cdbbe082814857f0e2024962d47c" "/opt/rustwide/cargo-home/bin/cargo" "+cfbc6d4cf1acbac5c025acf8ed68929caa551df3" "metadata" "--no-deps" "--format-version=1", kill_on_drop: false }`
[INFO] [stdout] 651891edde78366e3f64df6515a5370cef9377405cd3178de57672bbc0a0388e
[INFO] [stderr] WARNING: Your kernel does not support swap limit capabilities or the cgroup is not mounted. Memory limited without swap.
[INFO] running `Command { std: "docker" "start" "-a" "651891edde78366e3f64df6515a5370cef9377405cd3178de57672bbc0a0388e", kill_on_drop: false }`
[INFO] running `Command { std: "docker" "inspect" "651891edde78366e3f64df6515a5370cef9377405cd3178de57672bbc0a0388e", kill_on_drop: false }`
[INFO] running `Command { std: "docker" "rm" "-f" "651891edde78366e3f64df6515a5370cef9377405cd3178de57672bbc0a0388e", kill_on_drop: false }`
[INFO] [stdout] 651891edde78366e3f64df6515a5370cef9377405cd3178de57672bbc0a0388e
[INFO] running `Command { std: "docker" "create" "-v" "/var/lib/crater-agent-workspace/builds/worker-5/target:/opt/rustwide/target:rw,Z" "-v" "/var/lib/crater-agent-workspace/builds/worker-5/source:/opt/rustwide/workdir:ro,Z" "-v" "/var/lib/crater-agent-workspace/cargo-home:/opt/rustwide/cargo-home:ro,Z" "-v" "/var/lib/crater-agent-workspace/rustup-home:/opt/rustwide/rustup-home:ro,Z" "-e" "SOURCE_DIR=/opt/rustwide/workdir" "-e" "CARGO_TARGET_DIR=/opt/rustwide/target" "-e" "CARGO_INCREMENTAL=0" "-e" "RUST_BACKTRACE=full" "-e" "RUSTFLAGS=--cap-lints=forbid" "-e" "CARGO_HOME=/opt/rustwide/cargo-home" "-e" "RUSTUP_HOME=/opt/rustwide/rustup-home" "-w" "/opt/rustwide/workdir" "-m" "1610612736" "--user" "0:0" "--network" "none" "rustops/crates-build-env@sha256:a636fd89d022f18117e1dc8fb37a0a009933cdbbe082814857f0e2024962d47c" "/opt/rustwide/cargo-home/bin/cargo" "+cfbc6d4cf1acbac5c025acf8ed68929caa551df3" "check" "--frozen" "--all" "--all-targets" "--message-format=json", kill_on_drop: false }`
[INFO] [stdout] fb2250f1cd30f56c0168acecaefc3e7d7e7f9b7afe9feade80565c55b2702aed
[INFO] [stderr] WARNING: Your kernel does not support swap limit capabilities or the cgroup is not mounted. Memory limited without swap.
[INFO] running `Command { std: "docker" "start" "-a" "fb2250f1cd30f56c0168acecaefc3e7d7e7f9b7afe9feade80565c55b2702aed", kill_on_drop: false }`
[INFO] [stderr]    Compiling libc v0.2.76
[INFO] [stderr]     Checking cfg-if v0.1.10
[INFO] [stderr]    Compiling bitflags v1.2.1
[INFO] [stderr]    Compiling memchr v2.3.3
[INFO] [stderr]    Compiling ryu v1.0.5
[INFO] [stderr]    Compiling autocfg v1.0.1
[INFO] [stderr]    Compiling serde v1.0.115
[INFO] [stderr]    Compiling lexical-core v0.7.4
[INFO] [stderr]     Checking serde v0.8.23
[INFO] [stderr]     Checking lazy_static v1.4.0
[INFO] [stderr]    Compiling version_check v0.9.2
[INFO] [stderr]    Compiling serde_json v1.0.57
[INFO] [stderr]     Checking arrayvec v0.5.1
[INFO] [stderr]     Checking regex-syntax v0.6.18
[INFO] [stderr]     Checking static_assertions v1.1.0
[INFO] [stderr]     Checking slab v0.4.2
[INFO] [stderr]     Checking itoa v0.4.6
[INFO] [stderr]     Checking lazycell v1.3.0
[INFO] [stderr]     Checking same-file v1.0.6
[INFO] [stderr]     Checking linked-hash-map v0.5.3
[INFO] [stderr]     Checking vec_map v0.8.2
[INFO] [stderr]     Checking ansi_term v0.11.0
[INFO] [stderr]     Checking strsim v0.8.0
[INFO] [stderr]     Checking thread_local v1.0.1
[INFO] [stderr]     Checking textwrap v0.11.0
[INFO] [stderr]     Checking log v0.4.11
[INFO] [stderr]     Checking walkdir v2.3.1
[INFO] [stderr]     Checking yaml-rust v0.4.4
[INFO] [stderr]    Compiling nom v5.1.2
[INFO] [stderr]    Compiling num-traits v0.2.12
[INFO] [stderr]     Checking aho-corasick v0.7.13
[INFO] [stderr]     Checking net2 v0.2.34
[INFO] [stderr]     Checking iovec v0.1.4
[INFO] [stderr]     Checking inotify-sys v0.1.3
[INFO] [stderr]     Checking filetime v0.2.12
[INFO] [stderr]     Checking atty v0.2.14
[INFO] [stderr]     Checking inotify v0.7.1
[INFO] [stderr]     Checking clap v2.33.3
[INFO] [stderr]     Checking mio v0.6.22
[INFO] [stderr]     Checking mio-extras v2.0.6
[INFO] [stderr]     Checking num-traits v0.1.43
[INFO] [stderr]     Checking serde_test v0.8.23
[INFO] [stderr]     Checking notify v4.0.15
[INFO] [stderr]     Checking regex v1.3.9
[INFO] [stderr]     Checking linked-hash-map v0.3.0
[INFO] [stderr]     Checking serde-hjson v0.9.1
[INFO] [stderr]     Checking toml v0.5.6
[INFO] [stderr]     Checking config v0.10.1
[INFO] [stderr]     Checking mill v0.1.0 (/opt/rustwide/workdir)
[INFO] [stdout] error[E0432]: unresolved import `config::reader`
[INFO] [stdout]  --> src/main.rs:9:13
[INFO] [stdout]   |
[INFO] [stdout] 9 | use config::reader::from_file;
[INFO] [stdout]   |             ^^^^^^ could not find `reader` in `config`
[INFO] [stdout] 
[INFO] [stdout] 
[INFO] [stdout] error[E0432]: unresolved import `config::reader`
[INFO] [stdout]  --> src/main.rs:9:13
[INFO] [stdout]   |
[INFO] [stdout] 9 | use config::reader::from_file;
[INFO] [stdout]   |             ^^^^^^ could not find `reader` in `config`
[INFO] [stdout] 
[INFO] [stdout] 
[INFO] [stdout] error[E0422]: cannot find struct, variant or union type `Event` in crate `notify`
[INFO] [stdout]   --> src/main.rs:24:24
[INFO] [stdout]    |
[INFO] [stdout] 24 |             Ok(notify::Event{ path: Some(path), op: Ok(op) }) => {
[INFO] [stdout]    |                        ^^^^^ not found in `notify`
[INFO] [stdout] 
[INFO] [stdout] 
[INFO] [stdout] error[E0422]: cannot find struct, variant or union type `Event` in crate `notify`
[INFO] [stdout]   --> src/main.rs:24:24
[INFO] [stdout]    |
[INFO] [stdout] 24 |             Ok(notify::Event{ path: Some(path), op: Ok(op) }) => {
[INFO] [stdout]    |                        ^^^^^ not found in `notify`
[INFO] [stdout] 
[INFO] [stdout] 
[INFO] [stdout] warning: use of deprecated item 'try': use the `?` operator instead
[INFO] [stdout]   --> src/main.rs:16:43
[INFO] [stdout]    |
[INFO] [stdout] 16 |     let mut watcher: RecommendedWatcher = try!(Watcher::new(tx));
[INFO] [stdout]    |                                           ^^^
[INFO] [stdout]    |
[INFO] [stdout]    = note: `#[warn(deprecated)]` on by default
[INFO] [stdout] 
[INFO] [stdout] 
[INFO] [stdout] warning: use of deprecated item 'try': use the `?` operator instead
[INFO] [stdout]   --> src/main.rs:19:5
[INFO] [stdout]    |
[INFO] [stdout] 19 |     try!(watcher.watch(clean_path));
[INFO] [stdout]    |     ^^^
[INFO] [stdout] 
[INFO] [stdout] 
[INFO] [stdout] warning: use of deprecated item 'try': use the `?` operator instead
[INFO] [stdout]   --> src/main.rs:20:5
[INFO] [stdout]    |
[INFO] [stdout] 20 |     try!(watcher.watch(dirty_path));
[INFO] [stdout]    |     ^^^
[INFO] [stdout] 
[INFO] [stdout] 
[INFO] [stdout] warning: use of deprecated item 'try': use the `?` operator instead
[INFO] [stdout]   --> src/main.rs:16:43
[INFO] [stdout]    |
[INFO] [stdout] 16 |     let mut watcher: RecommendedWatcher = try!(Watcher::new(tx));
[INFO] [stdout]    |                                           ^^^
[INFO] [stdout]    |
[INFO] [stdout]    = note: `#[warn(deprecated)]` on by default
[INFO] [stdout] 
[INFO] [stdout] 
[INFO] [stdout] warning: use of deprecated item 'try': use the `?` operator instead
[INFO] [stdout]   --> src/main.rs:19:5
[INFO] [stdout]    |
[INFO] [stdout] 19 |     try!(watcher.watch(clean_path));
[INFO] [stdout]    |     ^^^
[INFO] [stdout] 
[INFO] [stdout] 
[INFO] [stdout] warning: use of deprecated item 'try': use the `?` operator instead
[INFO] [stdout]   --> src/main.rs:20:5
[INFO] [stdout]    |
[INFO] [stdout] 20 |     try!(watcher.watch(dirty_path));
[INFO] [stdout]    |     ^^^
[INFO] [stdout] 
[INFO] [stdout] 
[INFO] [stdout] error[E0061]: this function takes 2 arguments but 1 argument was supplied
[INFO] [stdout]   --> src/main.rs:16:48
[INFO] [stdout]    |
[INFO] [stdout] 16 |     let mut watcher: RecommendedWatcher = try!(Watcher::new(tx));
[INFO] [stdout]    |                                                ^^^^^^^^^^^^ -- supplied 1 argument
[INFO] [stdout]    |                                                |
[INFO] [stdout]    |                                                expected 2 arguments
[INFO] [stdout] 
[INFO] [stdout] 
[INFO] [stdout] error[E0061]: this function takes 2 arguments but 1 argument was supplied
[INFO] [stdout]   --> src/main.rs:16:48
[INFO] [stdout]    |
[INFO] [stdout] 16 |     let mut watcher: RecommendedWatcher = try!(Watcher::new(tx));
[INFO] [stdout]    |                                                ^^^^^^^^^^^^ -- supplied 1 argument
[INFO] [stdout]    |                                                |
[INFO] [stdout]    |                                                expected 2 arguments
[INFO] [stdout] 
[INFO] [stdout] 
[INFO] [stdout] error[E0061]: this function takes 2 arguments but 1 argument was supplied
[INFO] [stdout]   --> src/main.rs:19:18
[INFO] [stdout]    |
[INFO] [stdout] 19 |     try!(watcher.watch(clean_path));
[INFO] [stdout]    |                  ^^^^^ ---------- supplied 1 argument
[INFO] [stdout]    |                  |
[INFO] [stdout]    |                  expected 2 arguments
[INFO] [stdout] 
[INFO] [stdout] 
[INFO] [stdout] error[E0061]: this function takes 2 arguments but 1 argument was supplied
[INFO] [stdout]   --> src/main.rs:20:18
[INFO] [stdout]    |
[INFO] [stdout] 20 |     try!(watcher.watch(dirty_path));
[INFO] [stdout]    |                  ^^^^^ ---------- supplied 1 argument
[INFO] [stdout]    |                  |
[INFO] [stdout]    |                  expected 2 arguments
[INFO] [stdout] 
[INFO] [stdout] 
[INFO] [stdout] error[E0061]: this function takes 2 arguments but 1 argument was supplied
[INFO] [stdout]   --> src/main.rs:19:18
[INFO] [stdout]    |
[INFO] [stdout] 19 |     try!(watcher.watch(clean_path));
[INFO] [stdout]    |                  ^^^^^ ---------- supplied 1 argument
[INFO] [stdout]    |                  |
[INFO] [stdout]    |                  expected 2 arguments
[INFO] [stdout] 
[INFO] [stdout] 
[INFO] [stdout] error[E0061]: this function takes 2 arguments but 1 argument was supplied
[INFO] [stdout]   --> src/main.rs:20:18
[INFO] [stdout]    |
[INFO] [stdout] 20 |     try!(watcher.watch(dirty_path));
[INFO] [stdout]    |                  ^^^^^ ---------- supplied 1 argument
[INFO] [stdout]    |                  |
[INFO] [stdout]    |                  expected 2 arguments
[INFO] [stdout] 
[INFO] [stdout] 
[INFO] [stdout] error: aborting due to 5 previous errors; 3 warnings emitted
[INFO] [stdout] 
[INFO] [stdout] 
[INFO] [stdout] Some errors have detailed explanations: E0061, E0422, E0432.
[INFO] [stdout] 
[INFO] [stdout] For more information about an error, try `rustc --explain E0061`.
[INFO] [stdout] 
[INFO] [stderr] error: could not compile `mill`.
[INFO] [stderr] 
[INFO] [stderr] To learn more, run the command again with --verbose.
[INFO] [stderr] warning: build failed, waiting for other jobs to finish...
[INFO] [stdout] error: aborting due to 5 previous errors; 3 warnings emitted
[INFO] [stdout] 
[INFO] [stdout] 
[INFO] [stdout] Some errors have detailed explanations: E0061, E0422, E0432.
[INFO] [stdout] 
[INFO] [stdout] For more information about an error, try `rustc --explain E0061`.
[INFO] [stdout] 
[INFO] [stderr] error: build failed
[INFO] running `Command { std: "docker" "inspect" "fb2250f1cd30f56c0168acecaefc3e7d7e7f9b7afe9feade80565c55b2702aed", kill_on_drop: false }`
[INFO] running `Command { std: "docker" "rm" "-f" "fb2250f1cd30f56c0168acecaefc3e7d7e7f9b7afe9feade80565c55b2702aed", kill_on_drop: false }`
[INFO] [stdout] fb2250f1cd30f56c0168acecaefc3e7d7e7f9b7afe9feade80565c55b2702aed
